{"id":3390,"date":"2025-04-10T11:13:52","date_gmt":"2025-04-10T09:13:52","guid":{"rendered":"https:\/\/www.kah-hagen.de\/kah\/?page_id=3390"},"modified":"2025-04-10T11:20:58","modified_gmt":"2025-04-10T09:20:58","slug":"hubert-havranek","status":"publish","type":"page","link":"https:\/\/www.kah-hagen.de\/kah\/kunstlerinnen\/hubert-havranek\/","title":{"rendered":"Havranek, Hubert"},"content":{"rendered":"\n<p>Werdegang.<\/p>\n\n\n\n<p class=\"has-small-font-size\">Ich wurde als Hubert Havranek IV. in Melnik (Tschechische Republik), nahe Prag, geboren. Der Name und die Leidenschaft zur Malerei wurden \u00fcber vier Generationen weitergegeben \u2013 zu Ehren meines Urgro\u00dfvaters trage ich sein Siegel und Wappen (den Raben) als Signatur.<\/p>\n\n\n\n<p class=\"has-small-font-size\">Schon fr\u00fch entdeckte ich meine Begeisterung f\u00fcr Kunst und begann mit zehn Jahren zu malen. Mit 18 verkaufte ich mein erstes Gem\u00e4lde und machte sp\u00e4ter mein Abitur in Kunst. Dennoch entschied ich mich aus Unsicherheit gegen ein Kunststudium und wurde Ingenieur im Bereich nachhaltiger Energiel\u00f6sungen. Die Malerei blieb jedoch stets ein Teil meines Lebens.<\/p>\n\n\n\n<p class=\"has-small-font-size\">Ich besuchte Malschulen, u.a. bei Renate Rohrbach (2003\u20132004) und dem schwedischen K\u00fcnstler Leif Skogloef (2005\u20132008, seit 2016 erneut). Seine Werke und sein Unterricht haben meine k\u00fcnstlerische Entwicklung stark gepr\u00e4gt.<\/p>\n\n\n\n<p class=\"has-small-font-size\">Meine Werke bewegen sich zwischen Abstraktion, Expressionismus und Surrealismus und sind inspiriert von autodidaktischen K\u00fcnstlern wie Gauguin und Rousseau. Sie sollen Emotionen und Traumwelten sichtbar machen.<\/p>\n\n\n\n<p class=\"has-small-font-size\">Ich freue mich, Sie zu einer privaten Vernissage oder Ausstellung begr\u00fc\u00dfen zu d\u00fcrfen.<\/p>\n\n\n\n<p class=\"has-small-font-size\">web: https:\/\/hubert-havranek.com<\/p>\n\n\n\nngg_shortcode_0_placeholder\n\n\n\n<p><\/p>\n","protected":false},"excerpt":{"rendered":"<p>Werdegang. Ich wurde als Hubert Havranek IV. in Melnik (Tschechische Republik), nahe Prag, geboren. Der Name und die Leidenschaft zur Malerei wurden \u00fcber vier Generationen weitergegeben \u2013 zu Ehren meines Urgro\u00dfvaters trage ich sein Siegel und Wappen (den Raben) als Signatur. Schon fr\u00fch entdeckte ich meine Begeisterung f\u00fcr Kunst und begann mit zehn Jahren zu [&hellip;]<\/p>\n","protected":false},"author":101018,"featured_media":0,"parent":5,"menu_order":0,"comment_status":"closed","ping_status":"closed","template":"kuenstler.php","meta":{"ngg_post_thumbnail":0,"footnotes":""},"class_list":["post-3390","page","type-page","status-publish","hentry"],"_links":{"self":[{"href":"https:\/\/www.kah-hagen.de\/kah\/wp-json\/wp\/v2\/pages\/3390","targetHints":{"allow":["GET"]}}],"collection":[{"href":"https:\/\/www.kah-hagen.de\/kah\/wp-json\/wp\/v2\/pages"}],"about":[{"href":"https:\/\/www.kah-hagen.de\/kah\/wp-json\/wp\/v2\/types\/page"}],"author":[{"embeddable":true,"href":"https:\/\/www.kah-hagen.de\/kah\/wp-json\/wp\/v2\/users\/101018"}],"replies":[{"embeddable":true,"href":"https:\/\/www.kah-hagen.de\/kah\/wp-json\/wp\/v2\/comments?post=3390"}],"version-history":[{"count":4,"href":"https:\/\/www.kah-hagen.de\/kah\/wp-json\/wp\/v2\/pages\/3390\/revisions"}],"predecessor-version":[{"id":3394,"href":"https:\/\/www.kah-hagen.de\/kah\/wp-json\/wp\/v2\/pages\/3390\/revisions\/3394"}],"up":[{"embeddable":true,"href":"https:\/\/www.kah-hagen.de\/kah\/wp-json\/wp\/v2\/pages\/5"}],"wp:attachment":[{"href":"https:\/\/www.kah-hagen.de\/kah\/wp-json\/wp\/v2\/media?parent=3390"}],"curies":[{"name":"wp","href":"https:\/\/api.w.org\/{rel}","templated":true}]}}